{"id":48,"date":"2014-04-22T08:19:19","date_gmt":"2014-04-22T08:19:19","guid":{"rendered":"http:\/\/ranchhorsepanzer.de\/?page_id=48"},"modified":"2018-02-28T12:21:31","modified_gmt":"2018-02-28T12:21:31","slug":"zuchtstuten","status":"publish","type":"page","link":"http:\/\/ranchhorsepanzer.de\/?page_id=48","title":{"rendered":"Zuchtstuten"},"content":{"rendered":"<h1 style=\"text-align: center;\"><strong><span style=\"text-decoration: underline;\">Zuchtstuten<\/span><\/strong><\/h1>\n<p align=\"center\"><strong>Der Grundstein einer soliden Zucht &#8211; ist ihre Zuchtstutengruppe!<\/strong><\/p>\n<p align=\"justify\"><strong>Wir glauben fest an die alte Z\u00fcchterweisheit &#8222;Die Mutterlinie macht den Unterschied&#8220;, denn ein Fohlen bekommt nicht nur (inzwischen bewiesenerma\u00dfen) genetisch sondern auch ganz besonders durch Verhalten und Erziehung von seiner Mutter mehr mitgegeben als vom Vater!<\/strong><\/p>\n<p align=\"justify\">Aus diesem Grund haben wir derzeit zwei erstklassige Stuten mit einem einwandfreien Charakter, gutem Geb\u00e4ude und einer erstklassigen Abstammung. Die sich selbst bereits als solide Reitpferde und\/oder als gute Zuchtstuten mit entsprechender Nachzucht bewiesen haben!<\/p>\n<p align=\"justify\">Unsere &#8222;M\u00e4dels&#8220;:<\/p>\n<p align=\"justify\"><a href=\"http:\/\/ranchhorsepanzer.de\/?page_id=60\"><strong>TL IMA GAY BAR PEPPY<\/strong><\/a><br \/>\nAQHA, mare, chestnut\u00a0* 1992<\/p>\n<p align=\"justify\"><a href=\"http:\/\/ranchhorsepanzer.de\/?page_id=71\"><strong>NO TAILIGHT<\/strong><\/a><br \/>\nAQHA, mare, sorrel, * 1999<\/p>\n<p align=\"justify\"><span style=\"text-decoration: underline;\"><strong>THE BESTEST<\/strong><\/span><br \/>\nAQHA, mare, buckskin, * 2014<br \/>\nEin kleiner Traum, der sich in einigen Jahren unserer kleinen Zuchtstutengruppe anschlie\u00dfen wird.<\/p>\n<p align=\"justify\"><span style=\"text-decoration: underline;\"><strong>&#8222;<em>Jolene<\/em>&#8222;<\/strong><\/span> (name pending)<br \/>\nAQHA, mare, sorrel\/overo (Splashed White), * 2016<br \/>\nPotentielle Nachwuchszuchtstute aus TL IMA GAY BAR PEPPY (s.o.) und von A SMOKIN LITTLE GUN. Sie wird zun\u00e4chst die Aufzuchtzeit genie\u00dfen und eine Ausbildung unterm Sattel bekommen, bevor sie dann sp\u00e4ter hoffentlich in die Hufspuren ihrer Mutter treten wird.<\/p>\n<p align=\"justify\"><a href=\"http:\/\/ranchhorsepanzer.de\/?page_id=78\"><strong>CHARMING LITTLE LUNA<\/strong><\/a><br \/>\nAPHA, mare, brown\/tobiano, * 2004 &#8211; (reference mare only!)<br \/>\nAufgrund von PSSM1 aus der Zucht genommen, aber f\u00fcr immer in meinem Herzen!<br \/>\nUnd in guten H\u00e4nden als Reit- und Turnierpferd!<\/p>\n","protected":false},"excerpt":{"rendered":"<p>Zuchtstuten Der Grundstein einer soliden Zucht &#8211; ist ihre Zuchtstutengruppe! Wir glauben fest an die alte Z\u00fcchterweisheit &#8222;Die Mutterlinie macht den Unterschied&#8220;, denn ein Fohlen bekommt nicht nur (inzwischen bewiesenerma\u00dfen) genetisch sondern auch ganz besonders durch Verhalten und Erziehung von seiner Mutter mehr mitgegeben als vom Vater! Aus diesem Grund haben wir derzeit zwei erstklassige [&hellip;]<\/p>\n","protected":false},"author":1,"featured_media":0,"parent":0,"menu_order":0,"comment_status":"closed","ping_status":"closed","template":"page-templates\/full-width.php","meta":{"footnotes":""},"class_list":["post-48","page","type-page","status-publish","hentry"],"_links":{"self":[{"href":"http:\/\/ranchhorsepanzer.de\/index.php?rest_route=\/wp\/v2\/pages\/48","targetHints":{"allow":["GET"]}}],"collection":[{"href":"http:\/\/ranchhorsepanzer.de\/index.php?rest_route=\/wp\/v2\/pages"}],"about":[{"href":"http:\/\/ranchhorsepanzer.de\/index.php?rest_route=\/wp\/v2\/types\/page"}],"author":[{"embeddable":true,"href":"http:\/\/ranchhorsepanzer.de\/index.php?rest_route=\/wp\/v2\/users\/1"}],"replies":[{"embeddable":true,"href":"http:\/\/ranchhorsepanzer.de\/index.php?rest_route=%2Fwp%2Fv2%2Fcomments&post=48"}],"version-history":[{"count":18,"href":"http:\/\/ranchhorsepanzer.de\/index.php?rest_route=\/wp\/v2\/pages\/48\/revisions"}],"predecessor-version":[{"id":740,"href":"http:\/\/ranchhorsepanzer.de\/index.php?rest_route=\/wp\/v2\/pages\/48\/revisions\/740"}],"wp:attachment":[{"href":"http:\/\/ranchhorsepanzer.de\/index.php?rest_route=%2Fwp%2Fv2%2Fmedia&parent=48"}],"curies":[{"name":"wp","href":"https:\/\/api.w.org\/{rel}","templated":true}]}}