{"id":60,"date":"2014-04-22T08:31:46","date_gmt":"2014-04-22T08:31:46","guid":{"rendered":"http:\/\/ranchhorsepanzer.de\/?page_id=60"},"modified":"2018-09-28T10:49:57","modified_gmt":"2018-09-28T10:49:57","slug":"tl-ima-gay-bar-peppy","status":"publish","type":"page","link":"http:\/\/ranchhorsepanzer.de\/?page_id=60","title":{"rendered":"TL IMA GAY BAR PEPPY (AQHA)"},"content":{"rendered":"<p><span style=\"font-family: Georgia,serif; font-size: medium;\"><strong>TL IMA GAY BAR PEPPY<\/strong><span style=\"color: #000000;\"><a href=\"http:\/\/ranchhorsepanzer.de\/wp-content\/uploads\/2014\/04\/Portrait-Fohlenschau-2010.jpg\"><img loading=\"lazy\" decoding=\"async\" class=\"wp-image-150 alignright\" src=\"http:\/\/ranchhorsepanzer.de\/wp-content\/uploads\/2014\/04\/Portrait-Fohlenschau-2010.jpg\" alt=\"Portrait Fohlenschau 2010\" width=\"410\" height=\"617\" srcset=\"http:\/\/ranchhorsepanzer.de\/wp-content\/uploads\/2014\/04\/Portrait-Fohlenschau-2010.jpg 640w, http:\/\/ranchhorsepanzer.de\/wp-content\/uploads\/2014\/04\/Portrait-Fohlenschau-2010-199x300.jpg 199w, http:\/\/ranchhorsepanzer.de\/wp-content\/uploads\/2014\/04\/Portrait-Fohlenschau-2010-624x939.jpg 624w\" sizes=\"auto, (max-width: 410px) 100vw, 410px\" \/><\/a><\/span><br \/>\n<\/span><span style=\"font-family: Georgia,serif; font-size: medium;\"><strong>AQHA, *1992, chestnut<br \/>\nDQHA Stutbuch I, PHCG Pr\u00e4mienstute<\/strong><\/span><\/p>\n<p align=\"justify\"><span style=\"color: #000000;\">Unsere bew\u00e4hrte Zuchtstute von \u201eLittle Peppy Coke\u201c (von \u201ePeppy San Badger\u201c) aus der \u201eImo Gay Banjo Leo\u201c (\u201eGay Bar King\u201c x \u201eWar Leo\u201c-Tochter).<\/span><\/p>\n<p><span style=\"color: #000000;\">DNA-Testergebnisse:<\/span><br \/>\n<span style=\"color: #000000; font-size: small;\"> &#8211; PSSM1 n\/n<br \/>\n<span style=\"font-size: small;\">&#8211; HERDA n\/n<br \/>\n&#8211;\u00a0GBED n\/gbed<\/span><\/span><\/p>\n<p align=\"justify\"><span style=\"color: #000000;\">Bestes Reining- und Cuttingblut. Ein Freizeitpferd mit Allround-Qualit\u00e4ten. Und ein unersetzlicher Partner f\u00fcr Kinder oder auch f\u00fcr Anf\u00e4nger und \u00e4ngstliche Reiter. Sie vererbt sowohl ihre Ruhe als auch ihr gutes Exterieur an ihre Fohlen.<\/span><\/p>\n<p align=\"justify\"><span style=\"color: #000000;\">2004 wurde sie durch den Zuchtrichter Herrn von Kleist mit einer Gesamtnote von 7,4 bewertet und damit seinerzeit als <strong>Pr\u00e4m<span style=\"color: #000000;\">ienstute<\/span><\/strong> <\/span><span style=\"color: #000000;\">im Zuchtbuch des PHCG als Quarter Horse Zuchtstute eingetragen. 2012 wurde sie aufgrund ihrer Nachkommenleistung (hier z\u00e4hlen nur die AQHA eingetragenen Fohlen!) in da<\/span><span style=\"color: #000000;\">s <strong>DQHA Stutbuch I<\/strong> eingetragen. Diese Auszeichnungen freuen uns beide sehr!<\/span><\/p>\n<p align=\"justify\"><span style=\"color: #000000;\">Ihre Qualit\u00e4t als Zuchtstute hat sie bereits mehr als bewiesen durch die Leistungen ihrer Nachzucht:<\/span><\/p>\n<p><span style=\"color: #000000;\"><span style=\"text-decoration: underline;\"><b>Dam of:<br \/>\n<\/b><\/span>&#8211; Fohlenschausieger (PHCG &amp; DQHA)<\/span><br \/>\n<span style=\"color: #000000;\"> &#8211; DQHA Ovator-Cup Reserve Champion (Edemissen 2010)<\/span><br \/>\n<span style=\"color: #000000;\"> &#8211; PHCG Pr\u00e4mienfohlen &amp; &#8222;Best of Show&#8220;<br \/>\n<span style=\"color: #000000;\"> &#8211; Sieg und Platzierungen in EWU Jungpferdepr\u00fcfungen<\/span><\/span><br \/>\n<span style=\"color: #000000;\"> &#8211; EWU German Open Qualif.<br \/>\n&#8211; EWU German Top 10 Jungpferdepr\u00fcfung Reining<\/span><br \/>\n<span style=\"color: #000000;\"> &#8211; point earner (Halter &amp; Performance)<\/span><br \/>\n<span style=\"color: #000000;\"> &#8211; Grand Champion Halter<\/span><br \/>\n<span style=\"color: #000000;\"> &#8211; 2nd German Championship 2004 weanling mares<\/span><br \/>\n<span style=\"color: #000000;\"> &#8211; 3rd European Championship 2005 Yearling in Hand Trail<\/span><br \/>\n<span style=\"color: #000000;\"> &#8211; Bronze European Champion 2006 2y-o-Halter<\/span><br \/>\n<span style=\"color: #000000;\"> &#8211; German Reserve-Champion Halter 2006<\/span><br \/>\n<span style=\"color: #000000;\"> &#8211; High Point Horse 2006<\/span><br \/>\n<span style=\"color: #000000;\"> &#8211; Leading German Bred 2006<\/span><br \/>\n<span style=\"color: #000000;\"> &#8211; NSBA Junior Western Pleasure Open Reserve Champion<\/span><br \/>\n<span style=\"color: #000000;\"> &#8211; NSBA Bronze Trophy Western Pleasure Open 3rd<\/span><br \/>\n<span style=\"color: #000000;\"> &#8211; Bronze European Champion 2009<\/span><br \/>\n<span style=\"color: #000000;\"> &#8211; Bronze German Champion PHCG 2009<\/span><br \/>\n<span style=\"color: #000000;\"> &#8211; German Champion PHCG 2009<\/span><br \/>\n<span style=\"color: #000000;\"> &#8211; Top Ten European Championship Reining<\/span><br \/>\n<span style=\"color: #000000;\"> &#8211; PHCG Futurity Champion 2007 (Performance)<\/span><br \/>\n<span style=\"color: #000000;\"> &#8211; PHCG Futurity Champion 2008 (Performance)<\/span><br \/>\n<span style=\"color: #000000;\"> &#8211; PHCG Maturity Champion 2009 (Performance)<\/span><br \/>\n<span style=\"color: #000000;\"> &#8211; 4th Reining Futurity 2008 (bester Amateur!; nur 0,5 Abstand zum drittplatzierten\u00a0E. Ernst)<\/span><br \/>\n<span style=\"color: #000000;\"> &#8211; 4th Reining Futurity 2009<br \/>\n<span style=\"color: #000000;\"> &#8211;<\/span> DQHA &#8222;Pferd &amp; Jagd&#8220; Messe Reining Cup Champion 2014<br \/>\n&#8211; FN Deutsche Meisterschaft Reining Qualif.<br \/>\n&#8211; AQHA Platzierungen<br \/>\n<\/span><span style=\"color: #000000;\">&#8211; NRHA Platzierungen<\/span><br \/>\n<span style=\"color: #000000;\"> &#8211; NRHA Futurity Finalist<br \/>\n<span style=\"color: #000000;\">&#8211; AQHA &amp; APHA Point earners<\/span><\/span><br \/>\n<span style=\"color: #000000;\"> &#8211; DQHA money earner<\/span><br \/>\n<span style=\"color: #000000;\"> &#8211; PHCG money earner<\/span><br \/>\n<span style=\"color: #000000;\"> &#8211; NSBA money earner<br \/>\n&#8211; NRHA money earner<\/span><\/p>\n<p align=\"justify\"><span style=\"color: #000000;\">LTE der Nachzucht: \u00fcber 8.300,00 \u20ac (entspr. &gt; 12.700,00 US$!!)<\/span><\/p>\n<p align=\"justify\"><span style=\"color: #000000;\"><strong>TL IMA GAY BAR PEPPY<\/strong> hat sich mit ihrem Granaten-Stutfohlen von <strong>A SMOKIN LITTLE GUN<\/strong> in 2017 in einem stattlichen Alter von 25 Jahren in ihren verdienten Ruhestand verabschiedet. Das Fohlen steht nicht zum Verkauf, sondern bleibt bei uns.<br \/>\nSie &#8222;arbeitet&#8220; jetzt noch als Baby-Sitter, sowohl f\u00fcr die pferdigen Kinder als auch f\u00fcr unsere eigenen. Ich hoffe, sie bleibt mir so noch viele Jahre erhalten.<br \/>\n<\/span><\/p>\n<p><span style=\"color: #000000;\">Abstammung <a href=\"http:\/\/www.allbreedpedigree.com\/tl+ima+gay+bar+peppy\" target=\"_blank\" rel=\"noopener\"><span style=\"color: #000000;\">TL Ima Gay Bar Peppy<\/span><\/a><\/span><\/p>\n<table>\n<tbody>\n<tr>\n<td><\/td>\n<td><\/td>\n<td>\u00a0Mr San Peppy<\/td>\n<\/tr>\n<tr>\n<td><\/td>\n<td>\u00a0Peppy San Badger<\/td>\n<td><\/td>\n<\/tr>\n<tr>\n<td><\/td>\n<td><\/td>\n<td>\u00a0Sugar Badger<\/td>\n<\/tr>\n<tr>\n<td>\u00a0Little Peppy Coke<\/td>\n<td><\/td>\n<td><\/td>\n<\/tr>\n<tr>\n<td><\/td>\n<td><\/td>\n<td>\u00a0El Rey Rojo<\/td>\n<\/tr>\n<tr>\n<td><\/td>\n<td>\u00a0Vanilla Coke<\/td>\n<td><\/td>\n<\/tr>\n<tr>\n<td><\/td>\n<td><\/td>\n<td>\u00a0La Coca Docile (by Hired Hand)<\/td>\n<\/tr>\n<tr>\n<td><\/td>\n<td><\/td>\n<td><\/td>\n<\/tr>\n<tr>\n<td><\/td>\n<td><\/td>\n<td>\u00a0Three Bars<\/td>\n<\/tr>\n<tr>\n<td><\/td>\n<td>\u00a0Gay Bar King<\/td>\n<td><\/td>\n<\/tr>\n<tr>\n<td><\/td>\n<td><\/td>\n<td>Gay Widow<\/td>\n<\/tr>\n<tr>\n<td>\u00a0Imo Gay Banjo Leo<\/td>\n<td><\/td>\n<td><\/td>\n<\/tr>\n<tr>\n<td><\/td>\n<td><\/td>\n<td>War Leo<\/td>\n<\/tr>\n<tr>\n<td><\/td>\n<td>\u00a0War Leo Baby<\/td>\n<td><\/td>\n<\/tr>\n<tr>\n<td><\/td>\n<td><\/td>\n<td>\u00a0Askews Baby San (by Leo San)<\/td>\n<\/tr>\n<\/tbody>\n<\/table>\n<p style=\"text-align: justify;\">Laut Berechnung der FQHA f\u00fchrt TL Ima Gay Bar Peppy einen Foundationblutanteil von ~ 82,81%; der Anteil wird u.a. dadurch so &#8222;niedrig&#8220; gerechnet, dass sie eine der wenigen noch zuchtaktiven Stuten war, die Three Bars noch direkt im Papier haben. Und das eben \u00fcber niemand geringeren als Gay Bar King!<\/p>\n<p align=\"justify\"><strong>Ein ausf\u00fchrliches Performance-Pedigree kann auf Anfrage gerne\u00a0zugesendet werden!<\/strong><\/p>\n","protected":false},"excerpt":{"rendered":"<p>TL IMA GAY BAR PEPPY AQHA, *1992, chestnut DQHA Stutbuch I, PHCG Pr\u00e4mienstute Unsere bew\u00e4hrte Zuchtstute von \u201eLittle Peppy Coke\u201c (von \u201ePeppy San Badger\u201c) aus der \u201eImo Gay Banjo Leo\u201c (\u201eGay Bar King\u201c x \u201eWar Leo\u201c-Tochter). DNA-Testergebnisse: &#8211; PSSM1 n\/n &#8211; HERDA n\/n &#8211;\u00a0GBED n\/gbed Bestes Reining- und Cuttingblut. Ein Freizeitpferd mit Allround-Qualit\u00e4ten. Und ein [&hellip;]<\/p>\n","protected":false},"author":1,"featured_media":0,"parent":48,"menu_order":0,"comment_status":"closed","ping_status":"closed","template":"page-templates\/full-width.php","meta":{"footnotes":""},"class_list":["post-60","page","type-page","status-publish","hentry"],"_links":{"self":[{"href":"http:\/\/ranchhorsepanzer.de\/index.php?rest_route=\/wp\/v2\/pages\/60","targetHints":{"allow":["GET"]}}],"collection":[{"href":"http:\/\/ranchhorsepanzer.de\/index.php?rest_route=\/wp\/v2\/pages"}],"about":[{"href":"http:\/\/ranchhorsepanzer.de\/index.php?rest_route=\/wp\/v2\/types\/page"}],"author":[{"embeddable":true,"href":"http:\/\/ranchhorsepanzer.de\/index.php?rest_route=\/wp\/v2\/users\/1"}],"replies":[{"embeddable":true,"href":"http:\/\/ranchhorsepanzer.de\/index.php?rest_route=%2Fwp%2Fv2%2Fcomments&post=60"}],"version-history":[{"count":29,"href":"http:\/\/ranchhorsepanzer.de\/index.php?rest_route=\/wp\/v2\/pages\/60\/revisions"}],"predecessor-version":[{"id":884,"href":"http:\/\/ranchhorsepanzer.de\/index.php?rest_route=\/wp\/v2\/pages\/60\/revisions\/884"}],"up":[{"embeddable":true,"href":"http:\/\/ranchhorsepanzer.de\/index.php?rest_route=\/wp\/v2\/pages\/48"}],"wp:attachment":[{"href":"http:\/\/ranchhorsepanzer.de\/index.php?rest_route=%2Fwp%2Fv2%2Fmedia&parent=60"}],"curies":[{"name":"wp","href":"https:\/\/api.w.org\/{rel}","templated":true}]}}