{"id":612,"date":"2016-10-14T17:34:15","date_gmt":"2016-10-14T17:34:15","guid":{"rendered":"http:\/\/ranchhorsepanzer.de\/?page_id=612"},"modified":"2018-10-28T10:18:36","modified_gmt":"2018-10-28T10:18:36","slug":"the-bestest-aqha","status":"publish","type":"page","link":"http:\/\/ranchhorsepanzer.de\/?page_id=612","title":{"rendered":"THE BESTEST (AQHA)"},"content":{"rendered":"<div class=\"entry-content\" align=\"justify\">\n<p><span style=\"color: #000000;\"><strong>THE BESTEST<\/strong><\/span><br \/>\n<span style=\"color: #000000;\"> <strong>AQHA, *2014, buckskin<br \/>\n(demn\u00e4chst DQHA Basis-Stutbuch)<a href=\"http:\/\/ranchhorsepanzer.de\/wp-content\/uploads\/2016\/10\/Yeller-2.jpg\"><img loading=\"lazy\" decoding=\"async\" class=\"wp-image-613 size-medium alignright\" src=\"http:\/\/ranchhorsepanzer.de\/wp-content\/uploads\/2016\/10\/Yeller-2-245x300.jpg\" width=\"245\" height=\"300\" srcset=\"http:\/\/ranchhorsepanzer.de\/wp-content\/uploads\/2016\/10\/Yeller-2-245x300.jpg 245w, http:\/\/ranchhorsepanzer.de\/wp-content\/uploads\/2016\/10\/Yeller-2-768x942.jpg 768w, http:\/\/ranchhorsepanzer.de\/wp-content\/uploads\/2016\/10\/Yeller-2-624x765.jpg 624w, http:\/\/ranchhorsepanzer.de\/wp-content\/uploads\/2016\/10\/Yeller-2.jpg 783w\" sizes=\"auto, (max-width: 245px) 100vw, 245px\" \/><\/a><\/strong><\/span><\/p>\n<p align=\"justify\"><span style=\"color: #000000;\">Mit &#8222;Jelly&#8220; wurde ein langgehegter Traum von mir wahr: endlich eine direkte Tochter von <strong>YELLOW ROAN OF TEXAS<\/strong> mein Eigen nennen zu k\u00f6nnen. Zwar nicht in der begehrten Roan-Farbe (bzw. palomino-roan, wie &#8222;eigentlich&#8220; gesucht), aber daf\u00fcr passte einfach alles andere zusammen, was zusammen passen musste! Ein toller Ausdruck, ein ansprechendes Geb\u00e4ude und eine Abstammung, die zus\u00e4tzlich eine gro\u00dfartige Athletik, viel Cowsense und ein flinkes Pferd erwarten l\u00e4\u00dft!<\/span><\/p>\n<p><span style=\"color: #000000;\">DNA-Testergebnisse:<\/span><br \/>\n<span style=\"color: #000000;\"> \u2013 PSSM1\u00a0\u00a0 n\/n<\/span><br \/>\n<span style=\"color: #000000;\"> \u2013 HERDA\u00a0 n\/n<\/span><br \/>\n<span style=\"color: #000000;\"> \u2013\u00a0GBED\u00a0\u00a0\u00a0 n\/n<\/span><br \/>\n<span style=\"color: #000000;\"> \u2013 HYPP\u00a0\u00a0\u00a0\u00a0 n\/n<\/span><br \/>\n<span style=\"color: #000000;\"> \u2013 MH \u00a0 \u00a0\u00a0 \u00a0 n\/n<\/span><\/p>\n<p><span style=\"color: #000000;\">Sie ist kein Tr\u00e4ger dieser Gendefekte und kann sie daher auch nicht weiter geben.<\/span><\/p>\n<p><span style=\"color: #000000;\"><strong>THE BESTEST<\/strong> ist aus der Zucht der Oasis Ranch, TX. Ihre Mutter ist die Stute &#8222;<strong>THE BEST NIC<\/strong>&#8222;, eine direkte <strong>REMINIC<\/strong>-Tochter aus der Oregon Snaffle Bit Futurity Champion (High Score Herd) und Las Vegas Snaffle Bit Futurity Champion Pro-Am Stute &#8222;<strong>THE BEST HOBBY<\/strong>&#8220; (by HOBBY DOC). Ihr Vater ist <strong>YELLOW ROAN OF TEXAS<\/strong>, der von dem gro\u00dfartigen\u00a0NCHA Futurity Champion PEPTOBOONSMAL (Little Peppy x Royal Blue Boon) aus der NCHA Derby Open Reserve Champion Stute DOC&#8217;S STEADY DATE ist. Yellow Roan of Texas hat eine LTE $73,000, seine Nachkommen haben weit \u00fcber $ 545.000 gewonnen und \u00fcber 2300 AQHA\/APHA Points errungen (in Cutting, Reined Cowhorse, Reining, Ranch Riding, Performance Halter, Barrel Racing, Team Roping, Tie Down Roping, Team Sorting, Team Penning, &#8230;). Er selbst war u.a. split 4th, NCHA Non-Pro Futurity; Suncoast Winter Non-Pro Derby Reserve Champion; 3rd, Northwest Festival Non-Pro Derby. Seine Nachkommen sind AQHA\/APHA ROM &amp; Superior Winner, World Champions &amp; Reserve World Champions, High Point Horses, SHOT World Champions, Cutting Futurity Champions, NRCHA Futurity Champions, etc.<br \/>\n<\/span><\/p>\n<p><a href=\"http:\/\/ranchhorsepanzer.de\/wp-content\/uploads\/2018\/09\/31300573_10160351347115204_2111513390_o1.jpg\"><img loading=\"lazy\" decoding=\"async\" class=\"alignnone wp-image-888 size-large\" src=\"http:\/\/ranchhorsepanzer.de\/wp-content\/uploads\/2018\/09\/31300573_10160351347115204_2111513390_o1-1024x683.jpg\" alt=\"\" width=\"625\" height=\"417\" srcset=\"http:\/\/ranchhorsepanzer.de\/wp-content\/uploads\/2018\/09\/31300573_10160351347115204_2111513390_o1-1024x683.jpg 1024w, http:\/\/ranchhorsepanzer.de\/wp-content\/uploads\/2018\/09\/31300573_10160351347115204_2111513390_o1-300x200.jpg 300w, http:\/\/ranchhorsepanzer.de\/wp-content\/uploads\/2018\/09\/31300573_10160351347115204_2111513390_o1-768x512.jpg 768w, http:\/\/ranchhorsepanzer.de\/wp-content\/uploads\/2018\/09\/31300573_10160351347115204_2111513390_o1-624x416.jpg 624w, http:\/\/ranchhorsepanzer.de\/wp-content\/uploads\/2018\/09\/31300573_10160351347115204_2111513390_o1.jpg 1152w\" sizes=\"auto, (max-width: 625px) 100vw, 625px\" \/><\/a><\/p>\n<p align=\"justify\"><span style=\"color: #000000;\">Bestes Reining- und Cutting-\/Cowhorseblut. Grundausgebildet in den USA von Arno Gorgasser und ausgestattet mit einer tollen Athletik, die sie hoffentlich auch an ihre Fohlen weitergeben wird.<\/span><\/p>\n<p align=\"justify\"><span style=\"color: #000000;\">Zun\u00e4chst sollte THE BESTEST eine Grundausbildung genie\u00dfen, bevor sie jetzt gedeckt importiert wird, um unsere Zucht zu bereichern.<\/span><\/p>\n<p><span style=\"color: #000000;\"><strong>Vollschwester zu:<br \/>\n<\/strong>\u2013 Slider Up Buck -&gt;\u00a0CCHA Year End Non Pro Bridle Champion,\u00a0NRCHA Money Earner<\/span><br \/>\n<span style=\"color: #000000;\"> \u2013\u00a0Peptos Steady Nic -&gt; AQHA Point Earner, AQHA Money Earner<\/span><br \/>\n<span style=\"color: #000000;\"> \u2013 Ravishingroanoftexas -&gt; NRCHA Money Earner, Word Show Qualifier<\/span><br \/>\n<span style=\"color: #000000;\"> \u2013 The Best Idea -&gt; AQHA Point Earner, Word Show Qualifier<\/span><br \/>\n<span style=\"color: #000000;\"> \u2013 The Short Ride -&gt; NSTHA Futurity Finalist, NSTHA Money Earner, NRCHA Futurity Finalist, NRCHA Money Earner, Word Show Qualifier<\/span><br \/>\n<span style=\"color: #000000;\"> \u2013 LTE fullsiblings: over 8.749 US$<\/span><\/p>\n<\/div>\n<div class=\"entry-content\" align=\"justify\"><span style=\"color: #000000;\">\u00a0<\/span><\/div>\n<div class=\"entry-content\" align=\"justify\"><span style=\"color: #000000;\"><b>Dam of:<br \/>\n<\/b><\/span><\/div>\n<div align=\"justify\"><\/div>\n<div class=\"entry-content\" align=\"justify\">\n<p><span style=\"color: #000000;\">\u2013 ihr erstes Fohlen wird ~ M\u00e4rz 2019 erwartet<\/span><\/p>\n<p align=\"justify\"><span style=\"color: #000000;\"><strong>THE BESTEST<\/strong> wurde 2018 von <strong>LATE NIGHT STOPPER<\/strong> (Jac&#8217;s Electric Spark x Best Stop, Dam of Best Spook) besamt. (Infos <a href=\"https:\/\/latenightstopper.com\/\">hier<\/a>.)<br \/>\n<\/span><span style=\"color: #000000;\"><strong>Das Fohlen aus dieser Anpaarung wird <em>voraussichtlich<\/em> zum Verkauf stehen; gerne kann auch ein Verkauf \u201cin utero\u201d erfolgen. Wenn Sie Interesse an diesem Fohlen haben, sprechen Sie uns einfach an!<\/strong><\/span><\/p>\n<p><span style=\"color: #000000;\">Abstammung <a href=\"http:\/\/www.allbreedpedigree.com\/the+bestest3\" target=\"_blank\" rel=\"noopener noreferrer\">THE BESTEST<\/a><\/span><\/p>\n<table>\n<tbody>\n<tr>\n<td><span style=\"color: #000000;\">\u00a0<\/span><\/td>\n<td><span style=\"color: #000000;\">\u00a0<\/span><\/td>\n<td><span style=\"color: #000000;\">\u00a0Peppy San Badger<\/span><\/td>\n<\/tr>\n<tr>\n<td><span style=\"color: #000000;\">\u00a0<\/span><\/td>\n<td><span style=\"color: #000000;\">\u00a0Peptoboonsmal<\/span><\/td>\n<td><span style=\"color: #000000;\">\u00a0<\/span><\/td>\n<\/tr>\n<tr>\n<td><span style=\"color: #000000;\">\u00a0<\/span><\/td>\n<td><span style=\"color: #000000;\">\u00a0<\/span><\/td>\n<td><span style=\"color: #000000;\">\u00a0Royal Blue Boon<\/span><\/td>\n<\/tr>\n<tr>\n<td><span style=\"color: #000000;\">\u00a0Yellow Roan Of Texas<\/span><\/td>\n<td><span style=\"color: #000000;\">\u00a0<\/span><\/td>\n<td><span style=\"color: #000000;\">\u00a0<\/span><\/td>\n<\/tr>\n<tr>\n<td><span style=\"color: #000000;\">\u00a0<\/span><\/td>\n<td><span style=\"color: #000000;\">\u00a0<\/span><\/td>\n<td><span style=\"color: #000000;\">\u00a0Doc Bar<\/span><\/td>\n<\/tr>\n<tr>\n<td><span style=\"color: #000000;\">\u00a0<\/span><\/td>\n<td><span style=\"color: #000000;\">\u00a0Docs Steady Date<\/span><\/td>\n<td><span style=\"color: #000000;\">\u00a0<\/span><\/td>\n<\/tr>\n<tr>\n<td><span style=\"color: #000000;\">\u00a0<\/span><\/td>\n<td><span style=\"color: #000000;\">\u00a0<\/span><\/td>\n<td><span style=\"color: #000000;\">\u00a0Steady Date<\/span><\/td>\n<\/tr>\n<tr>\n<td><span style=\"color: #000000;\">\u00a0<\/span><\/td>\n<td><span style=\"color: #000000;\">\u00a0<\/span><\/td>\n<td><span style=\"color: #000000;\">\u00a0<\/span><\/td>\n<\/tr>\n<tr>\n<td><span style=\"color: #000000;\">\u00a0<\/span><\/td>\n<td><span style=\"color: #000000;\">\u00a0<\/span><\/td>\n<td><span style=\"color: #000000;\">\u00a0Docs Remedy<\/span><\/td>\n<\/tr>\n<tr>\n<td><span style=\"color: #000000;\">\u00a0<\/span><\/td>\n<td><span style=\"color: #000000;\">\u00a0Reminic<\/span><\/td>\n<td><span style=\"color: #000000;\">\u00a0<\/span><\/td>\n<\/tr>\n<tr>\n<td><span style=\"color: #000000;\">\u00a0<\/span><\/td>\n<td><span style=\"color: #000000;\">\u00a0<\/span><\/td>\n<td><span style=\"color: #000000;\">\u00a0Fillinic<\/span><\/td>\n<\/tr>\n<tr>\n<td><span style=\"color: #000000;\">\u00a0The Best Nic<\/span><\/td>\n<td><span style=\"color: #000000;\">\u00a0<\/span><\/td>\n<td><span style=\"color: #000000;\">\u00a0<\/span><\/td>\n<\/tr>\n<tr>\n<td><span style=\"color: #000000;\">\u00a0<\/span><\/td>\n<td><span style=\"color: #000000;\">\u00a0<\/span><\/td>\n<td><span style=\"color: #000000;\">\u00a0Hobby Doc<\/span><\/td>\n<\/tr>\n<tr>\n<td><span style=\"color: #000000;\">\u00a0<\/span><\/td>\n<td><span style=\"color: #000000;\">\u00a0The Best Hobby<\/span><\/td>\n<td><span style=\"color: #000000;\">\u00a0<\/span><\/td>\n<\/tr>\n<tr>\n<td><span style=\"color: #000000;\">\u00a0<\/span><\/td>\n<td><span style=\"color: #000000;\">\u00a0<\/span><\/td>\n<td><span style=\"color: #000000;\">\u00a0Ravashing Ruby (by Docs Jack Frost)<\/span><\/td>\n<\/tr>\n<\/tbody>\n<\/table>\n<p>&nbsp;<\/p>\n<p align=\"justify\"><span style=\"color: #000000;\"><strong>Ein ausf\u00fchrliches Performance-Pedigree kann auf Anfrage gerne\u00a0zugesendet werden!<\/strong><\/span><\/p>\n<\/div>\n","protected":false},"excerpt":{"rendered":"<p>THE BESTEST AQHA, *2014, buckskin (demn\u00e4chst DQHA Basis-Stutbuch) Mit &#8222;Jelly&#8220; wurde ein langgehegter Traum von mir wahr: endlich eine direkte Tochter von YELLOW ROAN OF TEXAS mein Eigen nennen zu k\u00f6nnen. Zwar nicht in der begehrten Roan-Farbe (bzw. palomino-roan, wie &#8222;eigentlich&#8220; gesucht), aber daf\u00fcr passte einfach alles andere zusammen, was zusammen passen musste! Ein toller [&hellip;]<\/p>\n","protected":false},"author":1,"featured_media":0,"parent":48,"menu_order":0,"comment_status":"closed","ping_status":"closed","template":"page-templates\/full-width.php","meta":{"footnotes":""},"class_list":["post-612","page","type-page","status-publish","hentry"],"_links":{"self":[{"href":"http:\/\/ranchhorsepanzer.de\/index.php?rest_route=\/wp\/v2\/pages\/612","targetHints":{"allow":["GET"]}}],"collection":[{"href":"http:\/\/ranchhorsepanzer.de\/index.php?rest_route=\/wp\/v2\/pages"}],"about":[{"href":"http:\/\/ranchhorsepanzer.de\/index.php?rest_route=\/wp\/v2\/types\/page"}],"author":[{"embeddable":true,"href":"http:\/\/ranchhorsepanzer.de\/index.php?rest_route=\/wp\/v2\/users\/1"}],"replies":[{"embeddable":true,"href":"http:\/\/ranchhorsepanzer.de\/index.php?rest_route=%2Fwp%2Fv2%2Fcomments&post=612"}],"version-history":[{"count":15,"href":"http:\/\/ranchhorsepanzer.de\/index.php?rest_route=\/wp\/v2\/pages\/612\/revisions"}],"predecessor-version":[{"id":915,"href":"http:\/\/ranchhorsepanzer.de\/index.php?rest_route=\/wp\/v2\/pages\/612\/revisions\/915"}],"up":[{"embeddable":true,"href":"http:\/\/ranchhorsepanzer.de\/index.php?rest_route=\/wp\/v2\/pages\/48"}],"wp:attachment":[{"href":"http:\/\/ranchhorsepanzer.de\/index.php?rest_route=%2Fwp%2Fv2%2Fmedia&parent=612"}],"curies":[{"name":"wp","href":"https:\/\/api.w.org\/{rel}","templated":true}]}}