{"id":86,"date":"2014-04-22T08:45:55","date_gmt":"2014-04-22T08:45:55","guid":{"rendered":"http:\/\/ranchhorsepanzer.de\/?page_id=86"},"modified":"2019-06-14T14:33:51","modified_gmt":"2019-06-14T14:33:51","slug":"a-smokin-little-gun","status":"publish","type":"page","link":"http:\/\/ranchhorsepanzer.de\/?page_id=86","title":{"rendered":"A SMOKIN LITTLE GUN"},"content":{"rendered":"<p><span style=\"color: #000000;\"><strong>A Smokin Little Gun\u00a0(*2007, sorrel\/overo)<\/strong><\/span><\/p>\n<p align=\"justify\"><span style=\"color: #000000;\">Ein Hengst aus der Zucht der Wilson Ranch (Texas) mit doppeltem Papier (AQHA Reg.-Nr.: 4947646 \/ APHA Reg.-Nr. 909763; sorrel\/overo).<\/span><br \/>\n<span style=\"color: #000000;\">Au\u00dferdem ist A SMOKIN LITTLE GUN auch als Foundation Horse bei der FQHA (93,75% FQHA, Reg.-Nr. 3229) und als Quarter Pony bei der\u00a0IQPA (International Quarter Pony Association, Reg.-Nr. 12101430P) registriert und dadurch auch f\u00fcr Foundation-Liebhaber und Quarter Pony-Fans interessant.<\/span><\/p>\n<p align=\"justify\"><img loading=\"lazy\" decoding=\"async\" class=\"aligncenter\" src=\"http:\/\/asmokinlittlegun.de\/resources\/_wsb_500x399_Spooky+K$C3$B6rung+ECHA+2011.jpg\" alt=\"\" width=\"500\" height=\"399\" border=\"0\" hspace=\"0\" \/><\/p>\n<p align=\"justify\"><span style=\"color: #000000;\">Seine ersten Jahrg\u00e4nge ist inzwischen unterm Sattel und zeichnet sich durch die selben positiven Attribute aus, wie sie auch &#8222;Spooky&#8220; selbst seinerzeit zeigte: sie sind easy im handling, lernwillig und leichtrittig und (was uns pers\u00f6nlich besonders wichtig erscheint) sie lassen sich auch von einem Amateur selbst ausbilden! Einige von ihnen sind bereits nach kurzer Ausbildungszeit als Reitpferd f\u00fcr Kinder\/Jugendliche unterwegs, was ihren guten Charakter ebenfalls best\u00e4tigt. Auch die Turniererfolge der Spooky-Nachkommen best\u00e4tigen inzwischen die Qualit\u00e4t dieses Hengstes.<br \/>\n<\/span><\/p>\n<table>\n<tbody>\n<tr>\n<td align=\"left\" valign=\"top\"><span style=\"color: #000000;\"><strong><span style=\"text-decoration: underline;\">Decktaxe 2019:<\/span><\/strong>\u00a0<\/span><br \/>\n<span style=\"color: #000000;\">&#8211; 650,00 \u20ac (K\u00fchlsamen)<br \/>\n&#8211; Natursprung nur nach vorheriger Absprache<span style=\"font-size: small;\"><br \/>\n<\/span>&#8211; Reservierung nur bei verb. Buchung!<br \/>\n<\/span><\/td>\n<td align=\"left\" valign=\"top\"><span style=\"color: #000000;\"><span style=\"font-family: Georgia,serif;\"><strong><span style=\"text-decoration: underline;\">Deckstation 2019:<\/span><\/strong><br \/>\nNieders\u00e4chsisches Landgest\u00fct Celle (K\u00fchlsamen)<\/span>\u00a0<span style=\"font-family: Georgia,serif;\">Hof Bruns, Altencelle (Natursprung)<br \/>\n(Natursprung nur au\u00dferhalb der KS-Saison m\u00f6glich; bitte vorher absprechen!)<br \/>\n<\/span><\/span><\/td>\n<\/tr>\n<tr>\n<td align=\"left\" valign=\"top\"><span style=\"color: #000000;\"><span style=\"text-decoration: underline;\">Rabatte nach Absprache m\u00f6glich:<\/span>\u00a0<\/span><br \/>\n<span style=\"color: #000000;\"> &#8211; Mehrstutenrabatt oder<\/span><br \/>\n<span style=\"color: #000000;\"> &#8211; Rabatt f\u00fcr earning mares oder\u00a0<\/span><br \/>\n<span style=\"color: #000000;\"> &#8211; Rabatt f\u00fcr proven mares<\/span><\/td>\n<td align=\"left\" valign=\"top\"><span style=\"text-decoration: underline; color: #000000;\">K\u00fchlsamenkosten (zus\u00e4tzlich):<\/span><br \/>\n<span style=\"color: #000000;\"> Absamen jeweils 60,00 \u20ac<\/span><br \/>\n<span style=\"color: #000000;\"> Versand mit Hellmann NightStar<\/span><br \/>\n<span style=\"color: #000000;\"> Mo &#8211; Fr. 25,00 bis 30,00 \u20ac<\/span><br \/>\n<span style=\"color: #000000;\"> Sa. 100,00 \u20ac<\/span><\/td>\n<\/tr>\n<\/tbody>\n<\/table>\n<p><span style=\"color: #000000;\"><strong>A SMOKIN LITTLE GUN<\/strong> ist f\u00fcr die Decksaison 2019 bei der DQHA und beim PHCG in das Futurityprogramm einbezahlt.<\/span><\/p>\n<p><span style=\"color: #000000;\">GBED, MH, HYPP, PSSM1: n\/n<\/span><br \/>\n<span style=\"color: #000000;\"> HERDA n\/h<br \/>\nIMM\/MYH1 n\/n<br \/>\nOLWS n\/n<\/span><\/p>\n","protected":false},"excerpt":{"rendered":"<p>A Smokin Little Gun\u00a0(*2007, sorrel\/overo) Ein Hengst aus der Zucht der Wilson Ranch (Texas) mit doppeltem Papier (AQHA Reg.-Nr.: 4947646 \/ APHA Reg.-Nr. 909763; sorrel\/overo). Au\u00dferdem ist A SMOKIN LITTLE GUN auch als Foundation Horse bei der FQHA (93,75% FQHA, Reg.-Nr. 3229) und als Quarter Pony bei der\u00a0IQPA (International Quarter Pony Association, Reg.-Nr. 12101430P) registriert [&hellip;]<\/p>\n","protected":false},"author":1,"featured_media":0,"parent":0,"menu_order":0,"comment_status":"closed","ping_status":"closed","template":"page-templates\/full-width.php","meta":{"footnotes":""},"class_list":["post-86","page","type-page","status-publish","hentry"],"_links":{"self":[{"href":"http:\/\/ranchhorsepanzer.de\/index.php?rest_route=\/wp\/v2\/pages\/86","targetHints":{"allow":["GET"]}}],"collection":[{"href":"http:\/\/ranchhorsepanzer.de\/index.php?rest_route=\/wp\/v2\/pages"}],"about":[{"href":"http:\/\/ranchhorsepanzer.de\/index.php?rest_route=\/wp\/v2\/types\/page"}],"author":[{"embeddable":true,"href":"http:\/\/ranchhorsepanzer.de\/index.php?rest_route=\/wp\/v2\/users\/1"}],"replies":[{"embeddable":true,"href":"http:\/\/ranchhorsepanzer.de\/index.php?rest_route=%2Fwp%2Fv2%2Fcomments&post=86"}],"version-history":[{"count":20,"href":"http:\/\/ranchhorsepanzer.de\/index.php?rest_route=\/wp\/v2\/pages\/86\/revisions"}],"predecessor-version":[{"id":959,"href":"http:\/\/ranchhorsepanzer.de\/index.php?rest_route=\/wp\/v2\/pages\/86\/revisions\/959"}],"wp:attachment":[{"href":"http:\/\/ranchhorsepanzer.de\/index.php?rest_route=%2Fwp%2Fv2%2Fmedia&parent=86"}],"curies":[{"name":"wp","href":"https:\/\/api.w.org\/{rel}","templated":true}]}}